4). Is (-1)/(-3) + x - 4082/(-3) composite?
False
Is (1 + 1962/(-8))*16/(-4) composite?
False
Let o be (-6)/(-3) - (-1169 + -2). Is o/2*(-10)/(-15) composite?
True
Suppose -8*g = 2886 - 22222. Is g prime?
True
Let n(j) = 2*j - 11. Let i(w) = -3*w + 10. Let u(a) = 6*a - 20. Let v(y) = -5*i(y) - 3*u(y). Let f(k) = -2*n(k) - 3*v(k). Is f(9) composite?
False
Let h be ((-5)/10)/((-3)/2544) + -2. Let q = -57 + h. Is q a composite number?
True
Let m(p) = p**3 + 33*p**2 + 54*p + 5. Is m(-28) prime?
False
Let y be (13 - -2)*6/15. Suppose -236 = -y*s + 166. Is s prime?
True
Suppose -3834 = -5*w - 934. Is ((-7)/(-4))/(5/w) prime?
False
Let h be (0 + 12/15)*5. Let q(f) = 12*f**2 - 6*f - 5. Let i be q(-5). Suppose t - i = -h*t. Is t prime?
False
Let c be 1/(-2 - (-51135)/25566). Let v = -5983 + c. Is v a composite number?
False
Let g = -1665 - -5023. Suppose -1066 + g = 4*w. Is w prime?
False
Let h be 14 - 4/(2 + 2). Let d = 16 - h. Suppose -d*r + 0*r = -66. Is r composite?
True
Suppose 9*p = 7*p + 8. Suppose -x + 0*x + 14 = -4*o, 2*x + 3*o - 39 = 0. Is (-2)/p + 963/x prime?
True
Let c(z) = 20*z**2 - 12*z + 17. Is c(7) composite?
True
Is (-5)/(-1) + 211*(-860)/(-10) composite?
True
Suppose 3*z + 3 = 3*n, 5*n + z + 11 = 2*z. Is (-15)/(-10)*412/(-18)*n prime?
True
Suppose -b + 5*b - 6240 = 0. Suppose b + 1597 = 7*h. Is h composite?
True
Let t(q) = 4*q**2 + 4*q - 18. Let m be t(-6). Suppose 2*j + m = 5*j. Is j a prime number?
False
Suppose 0 = h - 3 - 0. Suppose -6 = -3*s + 2*f, 3*s - 2*s + h*f = 13. Is 2/s*(1 + 153) a composite number?
True
Let s be -2 - -5 - 11*118. Let f = 3134 + s. Let l = f - 1084. Is l a composite number?
True
Suppose -2*h = 2*h. Suppose -y + 1056 = -2*q, h = -q + 2. Let x = y + -275. Is x a prime number?
False
Let g be 30/(-20)*1*36. Let h = g - -145. Suppose b = h + 72. Is b composite?
False
Suppose -x = 2*s + 1, 4*x + 21 = 3*s + x. Suppose 4*w = -s*w + 5706. Is w prime?
False
Suppose -s = -3*d - 19, -4 = s - 5*d - 33. Let r(a) = 11 + 4 + s - a. Is r(6) a prime number?
True
Let s(t) = -27*t - 1 - 11*t - 10*t - 3. Let l be s(2). Let j = 21 - l. Is j a prime number?
False
Suppose 315261 = 31*v + 30092. Is v prime?
True
Let m(z) = -z**3 + 7*z**2 - 7*z + 15. Let a be m(6). Suppose 3*n + 0 = a. Suppose n*s = 8*s - 410. Is s a prime number?
False
Suppose 40*u - 72 = 34*u. Suppose -u*w = -7*w - 12590. Is w a composite number?
True
Suppose 37020 = -222*p + 234*p. Is p prime?
False
Suppose 2659 = 4*b + p, 2*b - 59 = -2*p + 1269. Suppose 0*i - b = -i. Suppose -4*u - u = -i. Is u a composite number?
True
Let d(s) = -1276*s - 62. Is d(-4) composite?
True
Let l = 407 - -65170. Is l a composite number?
True
Suppose 27 = -3*s - 2*a + 6*a, 2*a = -s + 1. Let j(o) = 2*o**2 - 10*o - 3. Is j(s) a prime number?
True
Suppose 44*s - 7*s - 223073 = 0. Is s prime?
True
Let n(a) = 10282*a - 23. Is n(1) a composite number?
False
Let b(u) = u**3 + 8*u**2 - 3*u + 3. Suppose 20*c - 8*c - 36 = 0. Is b(c) composite?
True
Let n be 669 - (3 + -7 + 3). Suppose 0 = -4*b + n + 174. Is b a composite number?
False
Let w(h) = 88*h - 29. Is w(22) composite?
False
Let d = 16884 + -10297. Is d a prime number?
False
Let w be 522 - 1 - (-12 + 8). Let v = -299 + w. Is v a prime number?
False
Suppose -3*j = 2*j - 1065. Suppose 0 = -4*g + 5*l - 277, 7*g - 4*l + 344 = 2*g. Let r = j + g. Is r a prime number?
False
Let i be -3 + 0 - 20/4. Is (-10)/i + (-9575)/(-100) a prime number?
True
Let y = -4315 - -2292. Let c = 556 - y. Is c prime?
True
Suppose 5*f = 4*f + 608. Let y be (-1)/(((-12)/f)/3). Let x = y - 83. Is x a composite number?
True
Suppose 4*i = -2 + 14. Suppose 2*h - 7*h - 16 = -4*a, h = 5*a - 20. Suppose -i*w + h = -771. Is w a prime number?
True
Let c = -66 - -70. Suppose -2*z = z - 3*n - 720, -3*z = -c*n - 723. Is z prime?
False
Suppose 0*k + 2 = k. Let s(z) = -z**2 + z + 22. Let v be s(5). Suppose k*r - 2996 = -v*r. Is r a composite number?
True
Suppose -4*c + 22*o + 118001 = 19*o, 0 = 2*o - 2. Is c a prime number?
True
Suppose -5*p + 7469 = 6*p. Is (p/(-4))/(5/(-20) - 0) prime?
False
Let v be 148/4 + 2 + -6. Suppose -v = -4*t - 3*l, -5*l - 10 = -5*t + 5. Suppose t*n - 2076 = -90. Is n a prime number?
True
Let z(n) = -n**3 + 51*n**2 - 66*n + 73. Is z(45) a composite number?
True
Let y(o) = -o**2 + 13*o - 5. Let m be y(12). Suppose 3*f + 14860 = m*f. Is f a prime number?
False
Suppose -2*f - 9 = j, 2*j = -0*f + 3*f + 10. Let q be -1 + f + 11 + -2. Suppose 3*m - 7*y - 2263 = -2*y, 0 = -q*m + 5*y + 3014. Is m prime?
True
Let a = -105 - -103. Is 0*a*(-3)/(-6) + 1711 a prime number?
False
Suppose -3*m - 2 = -4*j + 2, 4*j - 12 = 5*m. Is -2*7/56 - 29/m composite?
False
Suppose 0*p - 3*p - 4*y = -122, -3*y - 32 = -p. Suppose 48 + p = a. Suppose a = 4*k - 2*k. Is k a composite number?
False
Suppose -4*s + 8757 = 65*c - 62*c, 5*s + 11707 = 4*c. Is c a prime number?
False
Is (-1 + 1)*14/70 - -8654 composite?
True
Let l(y) = 25*y**2 - 2*y + 1. Let a be l(1). Let z be (a/(-36))/(2/5997). Let g = -960 - z. Is g composite?
False
Let g = -3688 - -6647. Is g a prime number?
False
Suppose -66 = 3*o - 0*o. Let l = 27 + o. Suppose 0 = 3*y + 9, 1717 = l*r - 0*r - 4*y. Is r prime?
False
Let r(z) = -z**2 + 15*z - 17. Let o be r(13). Suppose o + 21 = 5*v. Suppose 5*k + 0*f = -5*f + 50, -3*f - v = -3*k. Is k a prime number?
False
Let r(g) = 47*g + 163. Is r(34) prime?
False
Let r = 4968 + -2813. Is r a composite number?
True
Let d(l) = 4*l. Let o be d(0). Suppose o*r - 5489 = -11*r. Is r a prime number?
True
Suppose -5*r = -r + 64. Let q = r + 19. Let h(u) = 4*u**3 - 4*u**2 + 3*u - 2. Is h(q) a composite number?
False
Let m = -445 + 1103. Suppose -w - w + 2*j = -678, -2*w - 3*j + m = 0. Is w composite?
True
Suppose 0 + 9 = 3*p - 5*q, 0 = 5*p - 5*q - 25. Suppose -p*h + 3385 - 209 = 0. Is h a prime number?
True
Is (-1)/(-5) - (698784/(-80) - 12) a prime number?
True
Suppose -3*f = -0*f + 3*c - 3648, f + 5*c = 1228. Is f a prime number?
True
Let i(z) = -z**3 - 14*z**2 + 16*z + 16. Let c(r) = r**3 - 6*r**2 + 2*r. Let g be c(5). Let q be i(g). Is q/(1/159) - 2 prime?
True
Let f(h) = 64*h - 7. Let z = -12 - -18. Is f(z) a composite number?
True
Suppose r + 3 = 4*c - 1, 2*c - 12 = -2*r. Suppose -1745 = -5*w - 3*z + 1114, 0 = -2*w - r*z + 1138. Is w composite?
True
Let j(y) = -y + 3. Let z be j(7). Let o = 4 + z. Suppose -3*f - 2728 = -4*g, o = 6*g - g - 4*f - 3411. Is g prime?
False
Let f(s) = s**2 - 14*s - 10. Let h be f(15). Suppose -4*c - 3*x = -8*x - 22, 4*c + h*x - 2 = 0. Suppose 0 = c*r + 3*r - 894. Is r prime?
True
Is ((-485)/5)/(((-25)/(-5))/(-1255)) composite?
True
Is 3 + (-4)/50*5*-23825 prime?
True
Let h(w) be the third derivative of -w**6/60 + w**5/20 + w**4/24 - 2*w**3/3 + w**2. Let p(g) = -2*g**2 + 84*g - 85. Let k be p(41). Is h(k) a prime number?
False
Let r(m) = -5548*m - 109. Is r(-6) prime?
True
Let n(r) = -20*r - 1. Let h be n(-1). Suppose -h = v - 2*v. Is v prime?
True
Is 30186 + 15*(-11)/33 composite?
False
Suppose -797 - 2464 = -v. Is v a composite number?
True
Let m = -81 - -153. Is ((-109)/(-4))/(6/m) prime?
False
Is (4/16*-3)/(12/(-150032)) prime?
True
Suppose -d - 3*a = -6424, -3*d + 19266 = 9*a - 6*a. Is d prime?
True
Let v(i) = -7*i**3 - 2*i**2 + 3*i + 6. Let k be v(-5). Suppose 0 = -t + b + k + 646, 5*t = 4*b + 7305. Is t a prime number?
False
Let b = 9 + -11. Let d be (-4)/4*4/b. Let u(o) = 32*o + 1. Is u(d) a prime number?
False
Let z(m) = m**2 + 9*m - 7. Let b be z(11). Suppose -284 = -4*o + 3*i, -4*o + o = 5*i - b. Is o prime?
True
Suppose 0 = -3*k + 4922 + 25789. Is k a composite number?
True
Suppose 4*m = 4*i + 8, -5*m + 3 + 31 = 3*i. Suppose -i*x - 3 = 2*x + l, 3*l + 9 = 3*x. Suppose x = -4*s + 112 + 396. Is s a prime number?
True
Let s = 446 + -17. Suppose -4*y - 279 - 561 = 0. Let b = s + y. Is b composite?
True
Let p(z) = 14*z**3 + 20*z**2 - 8*z + 47. Let x(k) = 5*k**3 + 7*k**2 - 3*k + 16. Let u(n) = -6*p(n) + 17*x(n). Is u(7) prime?
True
Let l = -99 - -91. Is (-479)/(1*4/l) a composite number?
True
Suppose g = -0*g + 8. Suppose -5 = m - g. Suppose -r - 4*l = -m*l - 55, 0 = -r + l + 61. Is r a prime number?
False
Let w be (-2)/((-22)/6 + 3). Let r(b) = 0 - 3*b**2 - b**2 + 3 - b**w. Is r(-8) a composite number?
True
Let s(b) = -132*b - 11. Let r = 43 + -45. 